- 113120?
-113120
In base 10, what is -8907 + -3?
-8910
In base 11, what is -14 - -1670?
1657
In base 12, what is 200 + -13a?
82
In base 13, what is -2 - 51099?
-5109b
In base 14, what is b7 - -62a?
703
In base 10, what is 3 - -215181?
215184
In base 9, what is 33 - -3283?
3326
In base 7, what is 14246 + -1?
14245
In base 4, what is -11 + 3223300?
3223223
In base 5, what is 23 + -311043?
-311020
In base 7, what is 452 - 1151?
-366
In base 16, what is -1bf8 + 2?
-1bf6
In base 6, what is 103 - -222521?
223024
In base 2, what is -100110111101110011011 + 1?
-100110111101110011010
In base 13, what is -ab74 - 3?
-ab77
In base 10, what is -1383 + 27?
-1356
In base 11, what is 168 + -101?
67
In base 3, what is 12001002012021 + -10?
12001002012011
In base 9, what is 4145 + -12?
4133
In base 4, what is 1201 + 113321?
121122
In base 3, what is 20021212100 - -10?
20021212110
In base 8, what is -21601 + 16?
-21563
In base 15, what is 8 + -b59?
-b51
In base 10, what is -366 + -4991?
-5357
In base 8, what is -145452 + 5?
-145445
In base 16, what is 0 - -3511e?
3511e
In base 4, what is 1210 + 11021100?
11022310
In base 5, what is -140303 + 213?
-140040
In base 10, what is 1610 + -73?
1537
In base 5, what is 1012400 - -32?
1012432
In base 12, what is 11ba + a0?
129a
In base 10, what is 8161 - -22?
8183
In base 7, what is 543 - -1302?
2145
In base 14, what is c0a - -83?
c8d
In base 3, what is 102211 - 201200?
-21212
In base 2, what is -1000110 - -1110111001110?
1110110001000
In base 12, what is -2 + 18600?
185ba
In base 11, what is 123 - -97?
20a
In base 14, what is 5a894 - 4?
5a890
In base 14, what is -226 + 215?
-11
In base 2, what is 11110111110 - 101000?
11110010110
In base 4, what is 20033011211 + -1?
20033011210
In base 13, what is -564 + 26?
-53b
In base 6, what is -1432 - -205?
-1223
In base 8, what is -20 - 52?
-72
In base 3, what is 2 - 2210200021?
-2210200012
In base 15, what is -947 + 111?
-836
In base 11, what is 2 + 5a948?
5a94a
In base 4, what is 321201 - -321?
322122
In base 13, what is -4 - 1345?
-1349
In base 7, what is -4156 + 65?
-4061
In base 4, what is 1 - -1232313210?
1232313211
In base 4, what is 1 + 220323101?
220323102
In base 11, what is 437603 - -5?
437608
In base 15, what is -815 + d?
-807
In base 3, what is -10 - -120010120?
120010110
In base 5, what is -4313 + -3?
-4321
In base 6, what is 2014 + -23?
1551
In base 3, what is 10 + 2122100001?
2122100011
In base 5, what is -2 - 14031104?
-14031111
In base 2, what is 10000111 + -101100100?
-11011101
In base 4, what is 3012 + -12003?
-2331
In base 11, what is 0 + 389251?
389251
In base 4, what is -211 + -20111332?
-20112203
In base 3, what is -112022 + -2211200?
-10100222
In base 7, what is 10412 - -4?
10416
In base 16, what is 36 - 2ea?
-2b4
In base 16, what is -17 + 933?
91c
In base 13, what is -105 + -185?
-28a
In base 2, what is 101000110011 - -111011?
101001101110
In base 16, what is 76 - 4ce?
-458
In base 12, what is 3883b - 5?
38836
In base 13, what is -3 + -7b34?
-7b37
In base 14, what is -52 + 79?
27
In base 13, what is -1a9383 - 5?
-1a9388
In base 16, what is -5 + -11e339?
-11e33e
In base 3, what is -2010 + 1220121112?
1220112102
In base 12, what is -368b + 76?
-3615
In base 12, what is 45502 + 2?
45504
In base 14, what is 5 - -8b7d?
8b84
In base 15, what is 15b + -142?
19
In base 6, what is -55101 + -2?
-55103
In base 15, what is 4787 - 11d?
4669
In base 8, what is 223 - -742?
1165
In base 15, what is -5 - -49e3?
49dd
In base 10, what is 7878 + 3?
7881
In base 14, what is 1c1 + 4d?
230
In base 5, what is 2201432 - 12?
2201420
In base 7, what is -162 + -25113?
-25305
In base 3, what is -1212020222 + -10?
-1212021002
In base 7, what is 0 + -325445?
-325445
In base 6, what is 304414 + 12?
304430
In base 7, what is -3255 + 3125?
-130
In base 14, what is -9 + -b9b51?
-b9b5a
In base 13, what is -500 - 426?
-926
In base 10, what is 536096 + -2?
536094
In base 15, what is 26d71 + 5?
26d76
In base 14, what is a6a6d - 18?
a6a55
In base 11, what is 6865 + -5?
6860
In base 13, what is -74 - 6936?
-69aa
In base 9, what is -24 + 3540?
3515
In base 3, what is -110200222001 - -11?
-110200221220
In base 13, what is -28 - -26627?
265cc
In base 12, what is -41 - -1b27?
1aa6
In base 16, what is 9 + -5e633?
-5e62a
In base 9, what is 346 + -44?
302
In base 6, what is 135 - -333304?
333443
In base 6, what is -341 - 20234?
-21015
In base 10, what is 6 + 126?
132
In base 12, what is -29 + 863?
836
In base 13, what is 28c50 + -8?
28c45
In base 14, what is -370 + 1802?
1472
In base 12, what is -6 + a0840?
a0836
In base 15, what is -34 - 4cd?
-512
In base 15, what is 2 - -7310d?
73110
In base 16, what is bc + -7f?
3d
In base 16, what is 3 - -3247f?
32482
In base 15, what is 63ac + -7c?
6330
In base 11, what is 63 + -8416?
-8363
In base 10, what is -1270 - -350?
-920
In base 13, what is -3804 - 0?
-3804
In base 4, what is -230 - -3103003?
3102113
In base 3, what is -12000002 + 10101?
-11212201
In base 2, what is -10110000100001100 + -1001?
-10110000100010101
In base 14, what is -a0c11 - -5?
-a0c0a
In base 15, what is -1 + -2ac0?
-2ac1
In base 6, what is 2001240 - -1?
2001241
In base 5, what is 342113 - -14?
342132
In base 16, what is 7a + a8f?
b09
In base 11, what is 4 - -6a5a0?
6a5a4
In base 14, what is -9d37cb - 0?
-9d37cb
In base 2, what is 100100110011110111 + -100?
100100110011110011
In base 16, what is e102 - 3?
e0ff
In base 9, what is -4 + -401660?
-401664
In base 10, what is 59 - 1190?
-1131
In base 11, what is -1855 - -27?
-1829
In base 12, what is 3 + 35892?
35895
In base 7, what is 154 + 305436?
305623
In base 5, what is 11 + 302411?
302422
In base 7, what is -360 + 164?
-163
In base 15, what is -5 + -eaa77?
-eaa7c
In base 11, what is -460 + 176?
-295
In base 9, what is 10 + 320?
330
In base 7, what is 104 + 2065?
2202
In base 7, what is -5 - -65654?
65646
In base 16, what is b4f - 48?
b07
In base 16, what is d95 + -55c?
839
In base 5, what is 4143132 + 3?
4143140
In base 9, what is -5658 + 18?
-5640
In base 7, what is -610112 + -26?
-610141
In base 10, what is -7022 + 5?
-7017
In base 13, what is -734 + -17?
-74b
In base 6, what is -2 + 1554221?
1554215
In base 13, what is 66 - -13a6?
143c
In base 4, what is -11 + -3131200?
-3131211
In base 16, what is 96 - 3458?
-33c2
In base 9, what is -1437 + 826?
-511
In base 7, what is -640152 + 41?
-640111
In base 14, what is -32806 + -9?
-32811
In base 4, what is 2122222011 + -2?
2122222003
In base 16, what is -2239 + -66?
-229f
In base 6, what is -5 - 25520?
-25525
In base 3, what is 120101 - 211?
112120
In base 12, what is -34a52 + -5?
-34a57
In base 6, what is 330101 + 14?
330115
In base 12, what is 97 + -121b?
-1144
In base 15, what is 1e6 - -a1?
297
In base 7, what is 1152214 - 3?
1152211
In base 3, what is 12002 - -2020112?
2102121
In base 11, what is 24 - -22198?
22211
In base 9, what is -6420 - -3?
-6416
In base 4, what is -1300101 + 12?
-1300023
In base 2, what is 1010011111010010011 - 100?
1010011111010001111
In base 3, what is 12 + 22012202102?
22012202121
In base 11, what is 5 + 47937?
47941
In base 9, what is -1072 + -150?
-1232
In base 12, what is -a9ba2 - 18?
-a9bba
In base 9, what is -1155 - -401?
-654
In base 4, what is -23002101 - 0?
-23002101
In base 10, what is -2 - -105735?
105733
In base 6, what is 3 - -1404532?
1404535
In base 6, what is 4 - -2341044?
2341052
In base 5, what is 142141 + -14?
142122
In base 6, what is -303455 - 5?
-303504
In base 8, what is -565 + 374?
-171
In base 5, what is 41 - 230144?
-230103
In base 3, what is -2202000211 - -2?
-2202000202
In base 11, what is -15954 - 1?
-15955
In base 13, what is 1 + 4ca603?
4ca604
In base 8, what is 17204 - 4?
17200
In base 4, what is 3 - 120132032?
-120132023
In base 6, what is 5512 - -132?
10044
In base 4, what is 1113321313 + 0?
1113321313
In base 11, what is -129425 - 4?
-129429
In base 2, what is 1110110110101011001010 - 101?
1110110110101011000101
In base 14, what is 18 - 9bdb?
-9bc3
In base 13, what is 30b308 - -5?
30b310
In base 8, what is 5 + -1135307?
-1135302
In base 7, what is 1 - 4351?
-4350
In base 11, what is -3029 - -72?
-2a67
In base 14, what is 170 - b3?
9b
In base 10, what is -6 + 22496?
22490
In base 6, what is 14 - 11124?
-11110
In base 10, what i